tor of 9 and 95453.
1
What is the greatest common divisor of 1969920 and 12768?
1824
Calculate the greatest common divisor of 3170 and 18501705.
1585
What is the highest common divisor of 626396 and 1992428?
596
Calculate the greatest common divisor of 30 and 192940370.
10
What is the greatest common factor of 113408 and 132014?
886
What is the highest common factor of 44452489 and 545?
109
Calculate the greatest common divisor of 324 and 885987.
9
Calculate the highest common factor of 16805198 and 37134.
4126
Calculate the greatest common factor of 277588 and 7830.
58
What is the highest common factor of 6933 and 30452047?
2311
What is the highest common divisor of 28 and 31576258?
14
Calculate the highest common factor of 31676664 and 96.
24
Calculate the highest common divisor of 18208036 and 620.
124
Calculate the greatest common divisor of 3376560 and 12144.
528
Calculate the greatest common divisor of 4884 and 22539.
33
Calculate the greatest common factor of 3612 and 876297.
129
What is the greatest common divisor of 366954300 and 10?
10
What is the highest common factor of 165 and 23550186?
33
What is the greatest common factor of 32 and 25279264?
32
What is the greatest common factor of 2295839528 and 9656?
9656
What is the highest common divisor of 277395 and 4845?
15
Calculate the highest common divisor of 1826 and 75613.
83
What is the highest common factor of 10490253 and 36?
3
Calculate the greatest common factor of 18704 and 93306073.
1169
Calculate the highest common factor of 1 and 3277385.
1
What is the highest common divisor of 799356 and 8700?
348
What is the highest common divisor of 6010 and 28147234?
1202
What is the greatest common factor of 558 and 602352?
18
Calculate the greatest common divisor of 27234 and 300186.
306
What is the greatest common factor of 6281 and 6667567?
571
Calculate the greatest common factor of 5 and 147288235.
5
Calculate the greatest common factor of 43055 and 95.
5
What is the highest common divisor of 95 and 6905854?
19
Calculate the highest common divisor of 570556 and 28664412.
8036
What is the highest common divisor of 4486 and 1048698949?
2243
Calculate the greatest common divisor of 1976044 and 889.
7
What is the highest common divisor of 64 and 3011384512?
64
What is the highest common divisor of 37765 and 76860407?
1079
What is the greatest common factor of 3051 and 137349?
27
Calculate the greatest common divisor of 1574960 and 3520.
80
What is the highest common divisor of 481 and 854516?
13
What is the highest common factor of 3243 and 569640?
141
What is the greatest common factor of 205768204 and 204?
68
What is the greatest common divisor of 2955 and 245473820?
985
Calculate the greatest common factor of 44968614 and 4632.
1158
Calculate the greatest common factor of 84113530 and 7710.
2570
What is the highest common factor of 2616355 and 113435?
245
Calculate the highest common factor of 327326 and 83570.
122
What is the highest common divisor of 1680 and 45083640?
840
What is the greatest common factor of 4136 and 4088293308?
2068
Calculate the greatest common divisor of 98267 and 4303.
13
Calculate the highest common factor of 17 and 6166648.
17
What is the greatest common factor of 17051 and 655163?
289
What is the highest common divisor of 5200 and 4238104?
104
What is the greatest common factor of 6040704 and 3072?
384
Calculate the highest common factor of 143185528 and 29.
29
Calculate the greatest common divisor of 191532 and 15807.
33
Calculate the greatest common divisor of 44947337 and 17.
17
What is the greatest common divisor of 51 and 7615560873?
51
What is the greatest common divisor of 91468 and 448292?
52
Calculate the greatest common divisor of 2721 and 1041634173.
2721
Calculate the greatest common divisor of 105 and 13251714.
21
What is the highest common divisor of 415 and 48428010?
415
Calculate the highest common divisor of 13260 and 60663174.
1326
Calculate the greatest common factor of 11989314 and 198.
18
What is the greatest common factor of 540 and 26765780?
20
Calculate the highest common divisor of 1917 and 9472110.
213
What is the highest common factor of 1090404028 and 56?
28
Calculate the greatest common divisor of 1044077 and 14111.
137
What is the greatest common divisor of 25311 and 22802208?
429
Calculate the greatest common divisor of 700 and 26651900.
100
What is the greatest common divisor of 880 and 27560896?
176
Calculate the greatest common factor of 2054 and 50530454.
2054
Calculate the greatest common divisor of 3220116508 and 6548.
6548
Calculate the greatest common factor of 139 and 11889226.
139
What is the greatest common factor of 102453669 and 8631?
1233
Calculate the highest common divisor of 6599596 and 2526.
842
What is the highest common factor of 34 and 2243946?
2
Calculate the greatest common factor of 10 and 5246389.
1
Calculate the highest common divisor of 8737702 and 28811.
613
What is the greatest common factor of 415997 and 18073?
53
Calculate the highest common factor of 5914399 and 190943.
2417
Calculate the greatest common divisor of 8868138 and 7476.
534
Calculate the greatest common divisor of 3287230 and 441730.
2710
Calculate the highest common divisor of 5766 and 365614.
62
Calculate the highest common divisor of 270 and 41577180.
30
What is the highest common factor of 3955776 and 352?
352
What is the greatest common factor of 18697164 and 1692?
564
What is the highest common factor of 4255837 and 58?
29
What is the highest common divisor of 77831203 and 6809?
619
Calculate the highest common divisor of 629530 and 84002.
194
Calculate the greatest common divisor of 844 and 4413698.
422
What is the highest common factor of 2662170 and 1549380?
1470
Calculate the greatest common factor of 255738 and 126.
42
What is the greatest common factor of 3425078 and 799?
47
What is the highest common factor of 4212 and 250692?
156
Calculate the greatest common factor of 566 and 346520199.
283
What is the highest common divisor of 16959570 and 225?
15
What is the highest common divisor of 316377360 and 36?
36
What is the greatest common divisor of 420 and 106874670?
210
Calculate the greatest common factor of 243 and 758159676.
81
What is the highest common divisor of 405246704 and 48?
16
Calculate the greatest common factor of 961 and 4263709.
31
Calculate the highest common divisor of 77674 and 6674.
142
What is the highest common factor of 298851 and 20544?
321
What is the highest common factor of 8 and 88659?
1
What is the highest common divisor of 840013592 and 352?
88
What is the greatest common factor of 14 and 47610528?
14
What is the greatest common divisor of 38 and 425978385?
19
Calculate the highest common factor of 29 and 72423643.
29
What is the highest common divisor of 195 and 30740280?
15
What is the greatest common factor of 56 and 5556488?
56
Calculate the greatest common divisor of 194766 and 36322.
286
What is the highest common factor of 118598919 and 51?
51
What is the highest common factor of 31 and 18770376?
31
What is the greatest common divisor of 121 and 364740?
1
What is the greatest common divisor of 15 and 597088545?
15
Calculate the highest common factor of 3442447 and 190705.
887
What is the greatest common factor of 56927418 and 7146?
2382
Calculate the highest common divisor of 859676 and 174.
58
Calculate the greatest common divisor of 18 and 100507086.
18
Calculate the greatest common divisor of 93232007 and 561.
11
Calculate the highest common divisor of 286089 and 75.
3
Calculate the highest common divisor of 14155 and 31167671.
149
What is the highest common factor of 560028 and 1541316?
4956
Calculate the greatest common factor of 576 and 217948608.
576
Calculate the highest common divisor of 391347 and 23584.
737
What is the greatest common factor of 336648 and 1716?
156
What is the highest common divisor of 17439436 and 13580?
2716
Calculate the highest common factor of 3192 and 7867216.
1064
What is the greatest common factor of 12743432 and 11128?
104
What is the highest common divisor of 236968 and 141208?
152
What is the greatest common factor of 572932 and 5504?
172
Calculate the highest common factor of 49044282 and 48678.
798
What is the highest common factor of 4